actor of 340 and h.
170
Let u be 7 + -8 + 2 + 1 + -28. Let t = u - -8. Let s be 42 - (-8)/t*-3*3. Calculate the highest common divisor of 69 and s.
23
Let p = 1053 + 312. Calculate the greatest common factor of p and 525.
105
Let v(d) = -d**3 - 63*d**2 - 103*d - 5193. Let k be v(-66). Calculate the highest common factor of k and 219.
219
Let g = -642 + 1007. What is the greatest common divisor of 1168 and g?
73
Suppose c + 2*j = 3*c - 78, -15 = 3*j. Let r be -31 - (10 - (98 + -23)). What is the highest common factor of r and c?
34
Let q = 11 + -6. Suppose q*p + 231 = 8*p. Let o(x) = 7*x**2 + x - 1. Let a be o(1). What is the greatest common factor of p and a?
7
Let q be 291/27 - (-8)/36. Suppose -3*g - 1792 = -q*g. Calculate the highest common divisor of g and 32.
32
Suppose -k = -0 - 2. Suppose 15 = 5*f, -k*c - 3*c + 4*f = -38. Let y be (-84)/(-6)*c/4. Calculate the greatest common divisor of 21 and y.
7
Let y = -479 + 481. Suppose y*r + 2*h = 188, 5*r + 117*h = 113*h + 472. Let z be (3/2)/((-1)/(-16)). Calculate the highest common factor of z and r.
24
Let d(w) = w - 17. Let c be d(-27). Let p = c + 65. Calculate the highest common factor of 483 and p.
21
Suppose -4*z + 52 = -2*z. Let v = -27058 - -27062. Calculate the highest common divisor of v and z.
2
Let y be -10 - -1*(5 - 4). Let k be 2*66/y*9/(-2). Let j be 2/12 + 1375/k. Calculate the greatest common divisor of j and 14.
7
Let d(i) = -40*i + 301. Let s = 234 + -227. Let x be d(s). Let g = 24 - 17. What is the greatest common factor of x and g?
7
Let y(a) = -239*a + 1417. Let p be y(5). What is the highest common divisor of p and 84?
6
Let s be 55/(-44) + 58/8. Let i = 30 + -57. Let g = s - i. What is the greatest common factor of 55 and g?
11
Suppose -2*y - 9 + 27 = 0. Suppose -y*g + 285 - 123 = 0. What is the highest common divisor of g and 162?
18
Let u = 4850 + -2890. What is the highest common factor of u and 120?
40
Suppose -3*x = -707*c + 704*c + 237, 0 = -4*c - 4*x + 324. Calculate the highest common divisor of 1296 and c.
16
Let k(y) = -y**2 + 49*y - 243. Let r be k(9). What is the greatest common factor of r and 559?
13
Let l be (-2 + (2 - 0))/2. Suppose -10*r - 22 = -2. Let k be (r - -3) + 71 - (0 + l). What is the greatest common divisor of 180 and k?
36
Let z(c) = -c + 140. Let p(k) = 71. Let x(v) = 9*p(v) - 4*z(v). Let h be x(-10). What is the greatest common divisor of 507 and h?
39
Suppose 24*w - 3*w = -50 + 407. What is the greatest common divisor of w and 1513?
17
Let h = 7719 + -7317. Calculate the greatest common factor of 21 and h.
3
Suppose -37*v + 60 = -33*v. Suppose -v*j + 17*j = 64. Calculate the greatest common divisor of j and 24.
8
Let o = 6851 + -6834. Calculate the highest common factor of 4794 and o.
17
Suppose -2*t - t - 54 = 0. Suppose -104*s = -102*s + 16. Let b be (-1 - -5)/s*t. What is the greatest common factor of b and 12?
3
Suppose 7*m - 3*t = 5*m + 1284, m - 2*t - 644 = 0. Calculate the highest common factor of 48 and m.
12
Let n(p) = -6*p - 1. Let l be n(3). Let r = 33 + l. Let w(u) = 6*u + 309. Let x be w(-48). What is the highest common divisor of x and r?
7
Let n be 50 + (1 - 1) + -1. Let k(q) = -q**2 + 21*q + 20. Let p be k(25). Let g = -73 - p. Calculate the highest common divisor of n and g.
7
Suppose 9*p = -9*p + 162. Suppose 0 = 22*n - p*n - 234. What is the greatest common divisor of 18 and n?
18
Let p = 1162 - 608. Suppose -3*j + 1976 = 5*z + 587, 2*j - p = -2*z. What is the greatest common factor of z and 31?
31
Let y = -569 + 1108. Let h = -203 + y. Calculate the highest common divisor of h and 42.
42
Let f = 915 + -445. Suppose 5*g = g + 2*j + f, 464 = 4*g + 4*j. Let r = 172 - g. What is the highest common divisor of 22 and r?
11
Suppose -43 = -15*b - 28*b. Let o be (b/2)/(4/4240). Calculate the greatest common factor of 10 and o.
10
Let c be (-54)/(-4)*(3 - 1). Let g(x) = x**3 + 9*x**2 + 6*x - 13. Let o = 64 + -72. Let h be g(o). Calculate the greatest common divisor of c and h.
3
Let f(b) = -b**3 + 6*b**2 + 26*b + 8. Let j be f(9). Let c be -77*18*(0 + j/3). What is the greatest common divisor of 14 and c?
14
Suppose 9*p - 8*p = 345. Let w be (6/(-10))/((120/250)/(-12)). What is the greatest common factor of p and w?
15
Suppose 0 = 80*p - 12*p - 16660. Calculate the highest common divisor of 70 and p.
35
Suppose -5*n = -2*d - 184, 5*d = 4*n - 88 - 66. Let f(i) = 2*i - 11. Let v be f(0). Let o be 12/66 - 196/v. Calculate the greatest common factor of n and o.
18
Let v = -16671 + 16739. Calculate the highest common factor of 1938 and v.
34
Let t = 26 + -14. Let m be ((-9)/4*(-28)/(-21))/((-4)/40). Calculate the greatest common divisor of m and t.
6
Let p(a) = a**3 + a**2 + 3*a. Let k be p(0). Suppose 58*l - 60*l = k. Suppose -c - 4*c + 495 = l. Calculate the greatest common divisor of c and 11.
11
Suppose 18*s - 552 = 330. Let c(q) = q**2 + 6*q - 5. Let y be c(4). What is the highest common factor of s and y?
7
Let w = 4022 - 3764. Calculate the greatest common factor of w and 129.
129
Suppose 25*t - 389 = -89. What is the highest common divisor of t and 558?
6
Let z(i) = 2*i**2 - 34*i - 1. Let w be 2 - 1 - (-1 + 0 + -16). Let a be z(w). What is the highest common factor of 77 and a?
7
Let g(h) = -9*h + 25. Let j be g(3). Let x be ((-15)/(-30))/(j/(-48)). Let w = 20 - 4. What is the greatest common divisor of w and x?
4
Let w(v) = 22*v - 40. Let l be w(3). Let g be (-48)/(-6) - (-3 - -3). Calculate the highest common factor of l and g.
2
Let c(z) = -15*z**2 - 155*z - 10. Let x be c(-10). Let s = -6 - -2. Let b(k) = k**3 + 4*k**2 + 5. Let y be b(s). What is the highest common divisor of y and x?
5
Suppose -3*s = -2*c - 46 + 2, -40 = -3*s - 2*c. Let k be (-11)/3*(s + -17). What is the greatest common divisor of k and 33?
11
Let z be (1 + -2)/(15/9 + -2). Suppose -4*k + 12 = -k. Suppose z*m + w = -k*w + 51, -w = -4*m + 91. What is the highest common divisor of m and 11?
11
Let b be (-4)/(5*(-4)/(-120)). Let m be 0 - -2 - 6/b*0. Suppose 4*d - m*d - 44 = i, 2*i + 46 = 2*d. Calculate the greatest common factor of d and 21.
21
Let j be -4*7/(-168)*114. Suppose -f - 993 = -5*f - 5*c, -3*c = 2*f - 497. Calculate the highest common factor of f and j.
19
Let d = 1278 + -680. Let q = -569 + d. Calculate the highest common factor of 87 and q.
29
Let x(q) = 5*q**2 - 19*q + 8. Suppose k = -0*k - 5, -30 = -5*i + k. Let t be x(i). What is the greatest common factor of t and 190?
38
Let o be (-112)/(-2) + -95 + 102. Suppose g + 2*g + 3*k - 330 = 0, 5*g - 535 = -2*k. Calculate the greatest common divisor of g and o.
21
Let x = 19 + -11. Let l be (-5)/(-1) + (2 - x) + 3. Let o be (1 - -3)*(3 + (-5)/l). Calculate the greatest common divisor of o and 16.
2
Suppose 15*u - 73 + 8 = -35. What is the highest common divisor of u and 50?
2
Suppose 4 + 4 = -n + 5*g, 8 = 2*n - 4*g. Let x be (232/n)/((-15)/(-90)). What is the highest common divisor of 12 and x?
4
Let j = -219 - -271. Let n be (-8)/j - (-17334)/117. Calculate the greatest common divisor of n and 74.
74
Suppose 0*r + 3*r = -4*z - 421, 0 = 5*r - 3*z + 750. Let y = 212 + r. What is the greatest common divisor of y and 104?
13
Let i be 35036/6 - ((-725)/75 + 11). Calculate the greatest common factor of i and 21.
21
Let b(f) = 4*f**2 - 4*f - 8. Let i be b(8). Suppose -k + 6 = -14*c + 16*c, -4*c - 44 = -5*k. Calculate the greatest common divisor of i and k.
8
Let s = -195 + 200. Suppose -5*d - 2*h = -24 - 37, -37 = -2*d - s*h. What is the greatest common factor of 22 and d?
11
Suppose -2*j + 4*m = 138, 7 = 5*m + 2. Let p = j + 95. What is the highest common factor of p and 35?
7
Suppose -5*h = -3*h - 4. Suppose 13 = -0*x + 2*x - 3*a, 5*a = -h*x - 11. Suppose 210 = x*g + 4*g. What is the highest common divisor of 5 and g?
5
Let a be (-6)/((-1659)/826 - (-11 - -9)). What is the greatest common divisor of a and 108?
12
Let h = 1928 - 1206. Let y = 135 + -97. Calculate the greatest common divisor of h and y.
38
Suppose -13*u - 9*u = 67*u - 712. Calculate the greatest common divisor of 86 and u.
2
Let c = -119207 + 119822. Let h = -13 + 28. What is the highest common factor of c and h?
15
Suppose 3*z + 2*m = 71964, 3030*z = 3034*z - 4*m - 96012. What is the highest common divisor of 372 and z?
186
Let 